te number?
True
Suppose -144*g = -36*g - 39060859 - 4528265. Is g composite?
False
Let u(r) be the first derivative of -r**4/4 - 4*r**3 - 23*r**2/2 + 11*r - 21. Is u(-18) composite?
True
Let i(q) = -q**2 + 19*q - 45. Let t be i(16). Suppose -t*o = -4742 - 817. Is o composite?
True
Let o(y) be the third derivative of y**5/60 - y**4/8 - y**3/6 + y**2 - 12*y. Is o(27) a prime number?
True
Suppose -34 = -5*q + 1. Let a(g) = -11*g**2 - 3*g + 15 + 6*g**2 - 2*g**2 + 2*g**3. Is a(q) a composite number?
False
Suppose -6*t = -7*t + 8. Let l(x) = x - 10. Let g be l(t). Is 2/(-12)*g*867 composite?
True
Let p be -3*1 + 60/20. Suppose 1455 = t - p*t - 4*q, 1459 = t - 3*q. Is t a prime number?
True
Let r be -32 - -17 - (2 + 1). Let d be 4/r - 40148/(-36). Is d + 0*((-8)/4)/4 prime?
False
Is 7*-7*(-1304281)/539 a composite number?
False
Let f be -8 + 3 + -3 - (-3)/(-1). Let j = f + 15. Suppose -2*u + 1004 = 4*o - j*u, -o + 4*u = -237. Is o composite?
True
Suppose -4*v = -5*r + 506195, 0 = -5*r + 10*v - 9*v + 506195. Is r composite?
True
Let j(c) = 1240*c - 69. Let b be j(-21). Let m be (b/18)/(3/(-12)). Is m/6 - (-2 - -2) a prime number?
True
Let j be (-1152)/(-252)*(-14)/(-4). Suppose 223772 - 74892 = j*y. Is y a prime number?
False
Let p be (12/9)/((-10)/(-135)). Is (-3)/(p/(-7899)*1/2) a composite number?
False
Let f = 17399 + -10878. Is f prime?
True
Suppose -5*w = 6 - 1. Let t be -4 + w + 4 - 498. Is 1*3*t*(-1)/3 prime?
True
Let l be 6/8*-4 + 95. Suppose -86*b + l*b = 26826. Is b prime?
False
Let h(s) = -13*s + 17. Let y be h(-7). Let v = -98 + y. Is 743 - (-12)/v*20/(-6) composite?
False
Is 1288676*(-1*10/56 - (-207)/483) a prime number?
True
Let u(y) = -y**2 + 34*y - 90. Let a be u(31). Suppose -2*j = -6 + 12, a*j - 5888 = -b. Is b a composite number?
False
Let f = -33 - -20. Let l(d) = 15*d**2 - 13*d. Let h be l(f). Let q = h - -789. Is q composite?
True
Let x be (3 + 1)*3/(1 + 2). Let d be x*(-2)/6*3. Is (-379)/((d - -3)/1) a composite number?
False
Suppose -2*n = 9*j - 36850, -n + 3*j - 147 = -18542. Is n a prime number?
False
Let d(l) = -4*l - 1. Let b(y) = y. Let k(m) = -3*b(m) - d(m). Let j be k(-11). Is ((-12185)/j - 1)/(3/6) a prime number?
False
Let u(x) = -x**2 - 30*x + 27. Let d(l) = -6*l**2 - l**3 - 4 - 5*l - 7 - 3 + 12*l. Let a be d(-7). Is u(a) a composite number?
False
Suppose -2*j + 2*h + 75739 = -18053, 0 = 5*j + 2*h - 234445. Is j composite?
True
Let v(c) = c**3 + 12*c**2 + 12*c + 7. Let h be v(-11). Let g be (-274)/(-18) - h/(-18). Is 0 + 95 + 0/g composite?
True
Suppose -80 + 88 = 4*d. Suppose 2*m - 32 = d*r, -3*m + 6*r = r - 50. Is (-20)/m + 5450/6 a composite number?
False
Suppose 0 = -4*w + 3709 + 3955. Let r be (w/15*3)/(4/10). Is (-15)/(-6)*(-1 + 1 + r) a composite number?
True
Suppose -13*i + 300 = -2001. Suppose i*h = 176*h + 10477. Is h a composite number?
False
Let d be 470*(-20)/25*-1. Let f = 683 - d. Is f a prime number?
True
Suppose -28*u + 873757 + 2255150 - 780295 = 0. Is u composite?
True
Let t = 548835 - -223252. Is t composite?
True
Let b(s) be the first derivative of 47*s**3 - 11*s**2 - 24*s + 82. Is b(-7) composite?
False
Let z(v) = 4*v + 9. Let c be z(2). Suppose -5*t - 21*j + 5927 = -c*j, -2*t + 2*j = -2378. Is t a prime number?
True
Suppose -111*p - 2*u - 2008129 = -116*p, 0 = p + 3*u - 401602. Is p prime?
False
Is 373899*106/(-1113)*14/(-4) composite?
False
Let u = 73909 - 35562. Is u prime?
False
Suppose 31*w = -5*v + 28*w + 47727, 3*w = -3*v + 28641. Suppose 0 = -4*l - n + 12724, -10*n + v = 3*l - 8*n. Is l composite?
False
Let h(q) = 3*q - 12. Let u(d) = 8*d - 37. Let k(n) = -11*h(n) + 4*u(n). Let t be k(-6). Is (-2865)/t*((-4)/(-6) - 0) composite?
False
Suppose -4*c + 184 = -5*h, 0 = -3*c + 3*h + 158 - 23. Suppose -5*k + 39 + c = 0. Is 134224/128 + 6/k a composite number?
False
Let a = -36 - -72. Let q = a - 33. Is 1*4 - ((q - -1) + -1693) composite?
False
Is (-72)/(-756) + (1660825/21)/1 composite?
False
Let s(n) = -4*n - 17. Let x be s(-7). Let o(k) = -124*k - 26*k - 31*k + x. Is o(-2) composite?
False
Suppose -2*o + o = 5*j + 22, 0 = 2*o - 3*j - 21. Suppose o*g = 5*s - 13, -3*s + 8 = -2*g - 0. Is (14370/(-20))/((-5)/s - -2) composite?
True
Let t = 31 + -30. Let x be (17 + 12/(-3))/t. Let m(l) = l**3 - 12*l**2 - 10*l - 4. Is m(x) a composite number?
True
Let q = 90684 + -1363. Is q a prime number?
False
Suppose 19*l - 5*l = 308. Let t(c) = 4*c**2 - 36*c - 33. Is t(l) a composite number?
True
Let n(x) = 58*x**3 - 108*x**3 + 78 - 15*x - 73*x + 49*x**3 + 38*x**2. Is n(35) prime?
True
Let p = 123705 - -841768. Is p prime?
False
Is -72482*14/(-20 + -8) composite?
False
Is 2*55179/(-6)*(-97)/3 a prime number?
False
Is 4395696/24 - (4 - (-5)/(-5)) prime?
True
Suppose -5*j + 75*u = 71*u - 1276471, -5*j + 1276483 = -2*u. Is j prime?
False
Is (-7839776)/(-480) - (-2)/15 a prime number?
True
Let j(v) = -151418*v + 809. Is j(-6) a prime number?
True
Let c be 765 - ((4 - 1) + -2). Let o = c + -447. Is o a composite number?
False
Let f be (-1)/((-12927)/3231 - -4). Suppose -f = 3*a - 4*a. Is a prime?
False
Is (((-36)/(-20))/(-9))/(1/(-1221965)) a prime number?
True
Let s(d) = 37425*d**2 - 23*d + 25. Is s(1) prime?
False
Is (449979/(-12))/((-50)/200) composite?
False
Let z(d) = -d**2 + 6*d - 4846. Let i be z(0). Is i*1*-14*6/24 composite?
True
Let q(d) = 453*d - 359. Is q(82) a prime number?
True
Let x be -2*(-5)/2 + (-42)/21. Is -13285*(46/(-15) - -3)*x a prime number?
True
Suppose -997*i - 1928070 = -2*x - 1001*i, 5*x - 4820190 = 5*i. Is x prime?
False
Let k be 1 - 2 - (2194 - (1 + -8)). Let x = 3911 - k. Is x composite?
False
Let j = 175750 - 89957. Is j a composite number?
False
Let j be (-16)/6*(-21)/(-4)*-1. Let y be (3/(-9))/((j/30)/(-7)). Let h(q) = q**3 - 2*q**2 - 5*q + 3. Is h(y) prime?
True
Let i(d) = 12*d**2 + 8*d - 22. Suppose 20*g + 60 = -120. Is i(g) a prime number?
False
Let o = 1369141 - 374640. Is o a composite number?
False
Let w(b) = 14 - 20*b - 4*b + 20. Let n be 8*7*(-7)/49. Is w(n) a composite number?
True
Let d(x) = 3*x**2 + 8*x + 9. Let b be (4 - 182/35)/(3/10). Let h be d(b). Let y = 12 + h. Is y a composite number?
False
Suppose 0 = 2*h - 4*m + 2, -5*m + 7 = 2. Let f = 1 - h. Suppose f = -4*o + 900 + 272. Is o composite?
False
Suppose 0 = -12*u + 5*u + 63. Suppose -u - 9 = -6*o. Suppose o*c = -5*t + 1769, t + t + 2324 = 4*c. Is c a composite number?
True
Let d(o) = -63*o - 35. Let q be d(-21). Let c = -764 + q. Is c/8*7/((-14)/(-4)) a prime number?
True
Suppose 12*p + 187*p - 7473345 = -2487002. Is p composite?
False
Suppose -2*z - z = -n - 1, -5*n - 2*z + 12 = 0. Suppose 2*x - 360 = 4*i, 2*x - i - 228 - 132 = 0. Suppose 0 = 4*w - 12, 4*s - n*s + 2*w = x. Is s prime?
False
Let b(r) = -3*r - 5. Let m = 10 + -13. Let a be b(m). Suppose a*v = -4*v + 3704. Is v a composite number?
False
Let y(x) = 24*x**2 + 46*x - 1541. Is y(49) a composite number?
False
Is (67601/(-2))/((44/8)/(-11)) a prime number?
True
Let i(w) = -10*w**3 - 37*w**2 + 38*w + 118. Is i(-27) a prime number?
False
Is (((-156)/16)/((-18)/(-16)))/(4/(-8202)) a prime number?
False
Let f(z) = 20*z**3 + z**2 - 7*z + 13. Let k(u) = -u + 14 - u - u + 4*u. Let n be k(-11). Is f(n) composite?
False
Let o(n) = -162899*n - 1804. Is o(-3) a prime number?
False
Let s = -1149 + 1147. Let r(j) = -119*j**2 - 6*j - 3. Let n(i) = 118*i**2 + 7*i + 3. Let f(w) = -3*n(w) - 4*r(w). Is f(s) prime?
False
Is (214/107)/(8/1086196) a prime number?
True
Is 12132/(-24)*(-53344)/48 composite?
True
Let w(k) = -k**3 - 24*k**2 - 4*k - 103. Let x be w(-24). Is (-27624)/x - (-4)/(-14) a composite number?
True
Let h = -144 - -138. Is h*(-1090)/4 + -111 + 115 a composite number?
True
Let b = 1073887 + -689276. Is b composite?
False
Let h(b) be the first derivative of -92*b**2 + 10 - 12*b + 7 - 3 - 9*b. Is h(-11) a prime number?
True
Let g = -119 + 83. Let r = -31 - g. Suppose -l = -r*p - 256, 6*p = -l + 3*p + 280. Is l a composite number?
False
Is -4 - 206/4*-994 composite?
True
Suppose -4*d = 18*d + 4*d - 25529270. Is d a prime number?
False
Suppose 5*o = -4*a + 666139, -22 + 7 = 3*o. Is a a prime number?
True
Suppose -32*i + 30*i + 622 = 0. Let d be (-2 + 2)/3*1. Suppose -649 = -4*t - d*p - p, 0 = -2*t - 5*p + i. Is t composite?
False
Let v be ((-33)/4)/((-21